
-48
What is -3 (base 11) in base 5?
-3
What is -2 (base 14) in base 5?
-2
Convert 114 (base 7) to base 8.
74
What is 4 (base 15) in base 4?
10
What is 7 (base 15) in base 14?
7
What is 0 (base 16) in base 6?
0
What is 24 (base 14) in base 7?
44
What is -243 (base 6) in base 15?
-69
What is 4 (base 9) in base 8?
4
Convert 8 (base 9) to base 8.
10
93 (base 10) to base 12
79
-22 (base 13) to base 12
-24
-171 (base 10) to base 2
-10101011
2a (base 11) to base 2
100000
Convert 25 (base 8) to base 10.
21
-36 (base 7) to base 10
-27
-4d (base 15) to base 12
-61
-162 (base 9) to base 16
-89
Convert 0 (base 15) to base 2.
0
Convert 1100110 (base 2) to base 9.
123
Convert 101 (base 8) to base 2.
1000001
-4 (base 7) to base 5
-4
Convert 3 (base 9) to base 8.
3
Convert -2d (base 15) to base 12.
-37
Convert -434 (base 5) to base 9.
-142
What is 2 (base 5) in base 16?
2
30 (base 11) to base 15
23
What is -112 (base 3) in base 7?
-20
Convert 202 (base 3) to base 7.
26
Convert -5 (base 12) to base 2.
-101
27 (base 8) to base 15
18
Convert 2 (base 13) to base 8.
2
What is 1 (base 4) in base 15?
1
What is 11 (base 10) in base 16?
b
What is -10 (base 2) in base 9?
-2
315 (base 11) to base 10
379
Convert 20 (base 8) to base 13.
13
-91 (base 15) to base 8
-210
-12 (base 3) to base 12
-5
What is -33 (base 6) in base 10?
-21
Convert -b (base 12) to base 15.
-b
What is -6a (base 15) in base 9?
-121
What is -12 (base 5) in base 15?
-7
1 (base 7) to base 5
1
What is 0 (base 10) in base 7?
0
What is 302 (base 4) in base 16?
32
Convert 39 (base 14) to base 11.
47
-222 (base 3) to base 6
-42
Convert 11110000 (base 2) to base 8.
360
Convert -4 (base 6) to base 3.
-11
-37 (base 12) to base 9
-47
What is a (base 16) in base 14?
a
What is 5 (base 15) in base 16?
5
Convert -11 (base 3) to base 14.
-4
What is -15 (base 15) in base 12?
-18
What is -1031 (base 4) in base 14?
-57
What is -3 (base 10) in base 9?
-3
Convert 1a5 (base 12) to base 6.
1125
Convert 10 (base 14) to base 15.
e
What is 14 (base 8) in base 12?
10
Convert -21022 (base 3) to base 13.
-122
What is -133 (base 7) in base 6?
-201
Convert -267 (base 8) to base 12.
-133
-8 (base 10) to base 2
-1000
2 (base 7) to base 8
2
What is -232 (base 7) in base 6?
-321
11 (base 8) to base 14
9
-3 (base 16) to base 2
-11
What is -13 (base 8) in base 9?
-12
Convert 4 (base 16) to base 3.
11
What is 17 (base 8) in base 13?
12
-a (base 16) to base 9
-11
Convert -6 (base 15) to base 3.
-20
What is -62 (base 10) in base 4?
-332
10 (base 2) to base 12
2
What is -116 (base 11) in base 15?
-93
0 (base 7) to base 3
0
Convert -221 (base 6) to base 11.
-78
Convert 100 (base 3) to base 5.
14
Convert 27 (base 12) to base 5.
111
What is -2 (base 7) in base 2?
-10
What is 8 (base 15) in base 5?
13
-24 (base 5) to base 15
-e
-57 (base 11) to base 9
-68
-113 (base 4) to base 5
-43
Convert 35 (base 6) to base 2.
10111
What is -1 (base 9) in base 2?
-1
1a (base 13) to base 12
1b
-b (base 14) to base 3
-102
Convert 73 (base 12) to base 4.
1113
-2 (base 11) to base 2
-10
Convert -607 (base 8) to base 11.
-326
-1 (base 12) to base 7
-1
72 (base 12) to base 6
222
20 (base 6) to base 16
c
-364 (base 7) to base 11
-166
Convert c1 (base 13) to base 15.
a7
7 (base 12) to base 2
111
What is 11101 (base 2) in base 12?
25
5 (base 6) to base 8
5
Convert 0 (base 15) to base 6.
0
What is 11 (base 5) in base 2?
110
-b (base 13) to base 8
-13
What is -112 (base 9) in base 5?
-332
1a (base 12) to base 14
18
What is -102 (base 6) in base 9?
-42
What is 18 (base 15) in base 13?
1a
Convert 41 (base 16) to base 13.
50
Convert 10 (base 9) to base 16.
9
What is 110011 (base 3) in base 15?
16d
What is 22 (base 16) in base 7?
46
Convert 100 (base 4) to base 11.
15
-b9 (base 15) to base 11
-149
What is -13 (base 13) in base 3?
-121
What is 2 (base 10) in base 13?
2
-2 (base 7) to base 10
-2
Convert -5 (base 6) to base 13.
-5
5 (base 7) to base 9
5
Convert -31 (base 11) to base 4.
-202
Convert -122 (base 4) to base 3.
-222
-28 (base 16) to base 15
-2a
1 (base 6) to base 16
1
What is -10 (base 4) in base 9?
-4
What is 12 (base 5) in base 16?
7
20 (base 5) to base 10
10
Convert 153 (base 6) to base 15.
49
What is 113 (base 8) in base 4?
1023
Convert -14 (base 6) to base 2.
-1010
What is 0 (base 4) in base 11?
0
What is -1 (base 6) in base 8?
-1
What is -3 (base 12) in base 16?
-3
-10310 (base 4) to base 11
-260
Convert 2 (base 3) to base 11.
2
What is 4 (base 11) in base 16?
4
What is 21 (base 7) in base 16?
f
Convert -10 (base 3) to base 16.
-3
22 (base 4) to base 2
1010
What is 4 (base 7) in base 8?
4
Convert 2 (base 3) to base 15.
2
11 (base 11) to base 12
10
Convert 14 (base 5) to base 12.
9
-29 (base 15) to base 2
-100111
-49 (base 12) to base 13
-45
-412 (base 5) to base 10
-107
What is 2 (base 11) in base 8?
2
Convert -12 (base 14) to base 12.
-14
-316 (base 9) to base 13
-16b
-9b (base 16) to base 8
-233
What is -13 (base 12) in base 6?
-23
What is -26 (base 10) in base 16?
-1a
Convert 251 (base 7) to base 12.
b2
16 (base 12) to base 10
18
Convert -304 (base 5) to base 15.
-54
What is 150 (base 8) in base 11?
95
Convert -13 (base 7) to base 5.
-20
-30 (base 9) to base 14
-1d
Convert 5 (base 8) to base 3.
12
-30 (base 13) to base 11
-36
What is -3 (base 5) in base 11?
-3
Convert 62 (base 9) to base 6.
132
What is -20 (base 5) in base 13?
-a
Convert 24 (base 15) to base 9.
37
What is 1434 (base 5) in base 8?
364
13 (base 12) to base 10
15
143 (base 6) to base 16
3f
0 (base 14) to base 9
0
-10 (base 3) to base 5
-3
0 (base 14) to base 8
0
1 (base 16) to base 9
1
-16 (base 7) to base 8
-15
What is 111 (base 3) in base 4?
31
100 (base 2) to base 16
4
-9a (base 13) to base 5
-1002
What is -4 (base 16) in base 14?
-4
What is 2 (base 11) in base 2?
10
Convert 21 (base 15) to base 16.
1f
1022 (base 3) to base 14
27
What is -74 (base 10) in base 12?
-62
What is -24 (base 8) in base 5?
-40
128 (base 12) to base 15
bb
Convert -1004 (base 5) to base 2.
-10000001
What is 5d (base 15) in base 11?
80
What is -345 (base 8) in base 13?
-148
Convert -123 (base 4) to base 7.
-36
Convert 1 (base 3) to base 8.
1
Convert 165 (base 10) to base 16.
a5
Convert 12000 (base 3) to base 9.
160
Convert 0 (base 16) to base 6.
0
ad (base 14) to base 5
1103
What is 10 (base 3) in base 9?
3
3 (base 15) to base 13
3
Convert -67 (base 12) to base 4.
-1033
What is -11001101 (base 2) in base 5?
-1310
What is -2121 (base 3) in base 14?
-50
Convert -21 (base 12) to base 8.
-31
Convert -5 (base 11) to base 12.
-5
What is 2 (base 4) in base 2?
10
-3 (base 4) to base 2
-11
0 (base 8) to base 7
0
1 (base 14) to base 9
1
What is -1011 (base 2) in base 16?
-b
-47 (base 11) to base 12
-43
Convert 0 (base 10) to base 6.
0
-2 (base 16) to base 6
-2
What is 2 (base 14) in base 12?
2
0 (base 9) to base 14
0
-51 (base 7) to base 13
-2a
What is -c0 (base 13) in base 6?
-420
Convert 6 (base 11) to base 5.
11
What is -4 (base 11) in base 7?
-4
4 (base 9) to base 5
4
What is 2021 (base 3) in base 11?
56
Convert -16 (base 10) to base 13.
-13
32 (base 12) to base 3
1102
What is -c (base 16) in base 3?
-110
Convert -12 (base 6) to base 13.
-8
-1330 (base 4) to base 5
-444
What is 10 (base 2) in base 10?
2
Convert 110 (base 5) to base 9.
33
What is -25 (base 7) in base 12?
-17
Convert 0 (base 2) to base 13.
0
Convert 14 (base 11) to base 16.
f
Convert 3 (base 16) to base 14.
3
-12 (base 5) to base 9
-7
-26 (base 8) to base 9
-24
What is -8 (base 14) in base 9?
-8
Convert -20 (base 9) to base 12.
-16
Convert 32 (base 8) to base 7.
35
Convert -5 (base 7) to base 8.
-5
20 (base 3) to base 11
6
1 (base 4) to base 2
1
-10 (base 2) to base 9
-2
What is -4 (base 7) in base 4?
-10
-1c (base 14) to base 4
-122
-29 (base 10) to base 11
-27
Convert 32 (base 15) to base 13.
38
Convert 4e (base 16) to base 5.
303
What is 18 (base 13) in base 8?
25
Convert 5 (base 9) to base 3.
12
What is 17 (base 16) in base 13?
1a
-38 (base 12) to base 8
-54
-50 (base 11) to base 10
-55
70 (base 11) to base 4
1031
Convert 5 (base 11) to base 2.
101
8 (base 14) to base 6
12
Convert -21 (base 4) to base 9.
-10
Convert 10012 (base 3) to base 4.
1112
What is 18 (base 9) in base 2?
10001
What is 9b (base 14) in base 5?
1022
2 (base 12) to base 5
2
Conve